{"id":527,"date":"2018-10-17T06:24:17","date_gmt":"2018-10-17T06:24:17","guid":{"rendered":"http:\/\/www.psychotherapie-renner.at\/?page_id=527"},"modified":"2025-06-13T21:56:24","modified_gmt":"2025-06-13T19:56:24","slug":"psychotherapie","status":"publish","type":"page","link":"https:\/\/www.psychotherapie-renner.at\/?page_id=527","title":{"rendered":"Psychotherapie"},"content":{"rendered":"<p>[vc_row full_width=&#8220;stretch_row&#8220; background_color=&#8220;custom&#8220; lg_spacing=&#8220;padding_top:150;padding_bottom:70&#8243; custom_background_color=&#8220;#f7f7f7&#8243;][vc_column][tm_spacer size=&#8220;lg:10&#8243;][tm_heading tag=&#8220;h4&#8243; custom_google_font=&#8220;&#8220; google_fonts=&#8220;font_family:Poppins%3A300%2Cregular%2C500%2C600%2C700|font_style:300%20light%20regular%3A300%3Anormal&#8220; text_color=&#8220;primary&#8220; text=&#8220;BEWEGGR\u00dcNDE F\u00dcR PSYCHOTHERAPIE&#8220; max_width=&#8220;700px&#8220; font_size=&#8220;xs:20;lg:30&#8243;][tm_spacer size=&#8220;lg:70&#8243;][vc_row_inner][vc_column_inner width=&#8220;1\/2&#8243;][tm_heading tag=&#8220;h6&#8243; custom_google_font=&#8220;&#8220; google_fonts=&#8220;font_family:Poppins%3A300%2Cregular%2C500%2C600%2C700|font_style:300%20light%20regular%3A300%3Anormal&#8220; text_color=&#8220;secondary&#8220; text=&#8220;Sie f\u00fchlen sich&#8220; max_width=&#8220;470px&#8220; font_size=&#8220;xs:17;lg:20&#8243; letter_spacing=&#8220;2px&#8220;][tm_heading tag=&#8220;h4&#8243; custom_google_font=&#8220;&#8220; google_fonts=&#8220;font_family:Poppins%3A300%2Cregular%2C500%2C600%2C700|font_style:300%20light%20regular%3A300%3Anormal&#8220; font_weight=&#8220;300&#8243; text_color=&#8220;secondary&#8220; font_size=&#8220;xs:14;lg:17&#8243; letter_spacing=&#8220;2px&#8220; text=&#8220;<\/p>\n<ul>\n<li>\u00fcberlastet oder \u00fcberfordert<\/li>\n<li>innerlich unruhig, getrieben, ziellos<\/li>\n<li>freudlos, besorgt und gr\u00fcbeln viel<\/li>\n<li>einsam, diskriminiert<\/li>\n<li>lebensm\u00fcde<\/li>\n<li>entscheidungsunf\u00e4hig<\/li>\n<\/ul>\n<p>&#8222;][tm_spacer size=&#8220;lg:70&#8243;][tm_heading tag=&#8220;h6&#8243; custom_google_font=&#8220;&#8220; google_fonts=&#8220;font_family:Poppins%3A300%2Cregular%2C500%2C600%2C700|font_style:300%20light%20regular%3A300%3Anormal&#8220; text_color=&#8220;secondary&#8220; text=&#8220;Sie kennen und erleben \u00fcber einen l\u00e4ngeren Zeitraum&#8220; max_width=&#8220;470px&#8220; font_size=&#8220;xs:17;lg:20&#8243; letter_spacing=&#8220;2px&#8220;][tm_heading tag=&#8220;h4&#8243; custom_google_font=&#8220;&#8220; google_fonts=&#8220;font_family:Poppins%3A300%2Cregular%2C500%2C600%2C700|font_style:300%20light%20regular%3A300%3Anormal&#8220; font_weight=&#8220;300&#8243; text_color=&#8220;secondary&#8220; text=&#8220;<\/p>\n<ul>\n<li>konfliktreiche Beziehungen<\/li>\n<li>chronische Schmerzen, vielleicht sogar ohne Befund<\/li>\n<li>Einschlaf- und\/oder Durchschlafst\u00f6rungen<\/li>\n<li>einen unerf\u00fcllten Kinderwunsch<\/li>\n<li>Wut, die Sie nicht kontrollieren k\u00f6nnen<\/li>\n<li>Belastungen durch erkrankte Angeh\u00f6rige<\/li>\n<\/ul>\n<p>&#8220; font_size=&#8220;xs:14;lg:17&#8243; letter_spacing=&#8220;2px&#8220;][tm_spacer size=&#8220;lg:20&#8243;][\/vc_column_inner][vc_column_inner width=&#8220;1\/2&#8243;][tm_heading tag=&#8220;h6&#8243; custom_google_font=&#8220;&#8220; google_fonts=&#8220;font_family:Poppins%3A300%2Cregular%2C500%2C600%2C700|font_style:300%20light%20regular%3A300%3Anormal&#8220; text_color=&#8220;secondary&#8220; text=&#8220;Sie leiden an&#8220; max_width=&#8220;470px&#8220; font_size=&#8220;xs:17;lg:20&#8243; letter_spacing=&#8220;2px&#8220;][tm_heading tag=&#8220;h4&#8243; custom_google_font=&#8220;&#8220; google_fonts=&#8220;font_family:Poppins%3A300%2Cregular%2C500%2C600%2C700|font_style:300%20light%20regular%3A300%3Anormal&#8220; font_weight=&#8220;300&#8243; text_color=&#8220;secondary&#8220; text=&#8220;<\/p>\n<ul>\n<li>\u00c4ngsten, Panikattacken, Depressionen, Manien<\/li>\n<li>traumatischen Erfahrungen<\/li>\n<li>Pers\u00f6nlichkeitsst\u00f6rungen<\/li>\n<li>psychosomatischen Beschwerden<\/li>\n<li>k\u00f6rperlichen Erkrankungen<\/li>\n<li>wahnhaften, schizoiden St\u00f6rungen<\/li>\n<\/ul>\n<p>&#8220; font_size=&#8220;xs:14;lg:17&#8243; letter_spacing=&#8220;2px&#8220;][tm_spacer size=&#8220;lg:70&#8243;][tm_heading tag=&#8220;h6&#8243; custom_google_font=&#8220;&#8220; google_fonts=&#8220;font_family:Poppins%3A300%2Cregular%2C500%2C600%2C700|font_style:300%20light%20regular%3A300%3Anormal&#8220; text_color=&#8220;secondary&#8220; text=&#8220;Sie sind in einer Lebensphase&#8220; max_width=&#8220;470px&#8220; font_size=&#8220;xs:17;lg:20&#8243; letter_spacing=&#8220;2px&#8220;][tm_heading tag=&#8220;h4&#8243; custom_google_font=&#8220;&#8220; google_fonts=&#8220;font_family:Poppins%3A300%2Cregular%2C500%2C600%2C700|font_style:300%20light%20regular%3A300%3Anormal&#8220; font_weight=&#8220;300&#8243; text_color=&#8220;secondary&#8220; text=&#8220;<\/p>\n<ul>\n<li>in der Sie Verlust, Krankheit, Arbeitslosigkeit, etc. krisenhaft erleben<\/li>\n<li>in der Sie selbst berufliche oder private Ver\u00e4nderungen vornehmen wollen und Begleitung f\u00fcr diesen Weg ben\u00f6tigen<\/li>\n<li>in der Selbsterfahrung einen zentralen Platz in Ihrem Leben einnehmen darf<\/li>\n<\/ul>\n<p>&#8220; font_size=&#8220;xs:14;lg:17&#8243; letter_spacing=&#8220;2px&#8220;][\/vc_column_inner][\/vc_row_inner][\/vc_column][\/vc_row][vc_row][vc_column content_alignment=&#8220;center&#8220;][tm_spacer size=&#8220;lg:45&#8243;][tm_heading tag=&#8220;h4&#8243; custom_google_font=&#8220;&#8220; google_fonts=&#8220;font_family:Poppins%3A300%2Cregular%2C500%2C600%2C700|font_style:300%20light%20regular%3A300%3Anormal&#8220; text_color=&#8220;primary&#8220; text=&#8220;THERAPEUTISCHER PROZESS&#8220; max_width=&#8220;700px&#8220; font_size=&#8220;xs:20;lg:30&#8243;][tm_spacer size=&#8220;lg:28&#8243;][vc_row_inner][vc_column_inner width=&#8220;1\/2&#8243;][tm_heading tag=&#8220;h4&#8243; custom_google_font=&#8220;&#8220; google_fonts=&#8220;font_family:Poppins%3A300%2Cregular%2C500%2C600%2C700|font_style:300%20light%20regular%3A300%3Anormal&#8220; font_weight=&#8220;300&#8243; text_color=&#8220;secondary&#8220; text=&#8220;<\/p>\n<ul>\n<li>Im therapeutischen Prozess k\u00f6nnen Sie ad\u00e4quatere Einstellungs-, Beziehungs- und Verhaltensweisen entwickeln und erproben. Sie k\u00f6nnen lernen, Traumata und andere Belastungen besser zu bew\u00e4ltigen.<\/li>\n<\/ul>\n<p>&#8220; font_size=&#8220;xs:14;lg:17&#8243; letter_spacing=&#8220;2px&#8220;][tm_heading tag=&#8220;h4&#8243; custom_google_font=&#8220;&#8220; google_fonts=&#8220;font_family:Poppins%3A300%2Cregular%2C500%2C600%2C700|font_style:300%20light%20regular%3A300%3Anormal&#8220; font_weight=&#8220;300&#8243; text_color=&#8220;secondary&#8220; text=&#8220;<\/p>\n<ul>\n<li>Mein Angebot enth\u00e4lt Methoden, die uns Zugang zu Ihren unbewussten Anteilen erm\u00f6glichen. Dazu z\u00e4hlen die Traumanalyse, die Aktive Imagination, das Sandspiel und die Analyse von \u00dcbertragungsprozessen.<\/li>\n<\/ul>\n<p>&#8220; font_size=&#8220;xs:14;lg:17&#8243; letter_spacing=&#8220;2px&#8220;][\/vc_column_inner][vc_column_inner width=&#8220;1\/2&#8243;][tm_heading tag=&#8220;h4&#8243; custom_google_font=&#8220;&#8220; google_fonts=&#8220;font_family:Poppins%3A300%2Cregular%2C500%2C600%2C700|font_style:300%20light%20regular%3A300%3Anormal&#8220; font_weight=&#8220;300&#8243; text_color=&#8220;secondary&#8220; text=&#8220;<\/p>\n<ul>\n<li>Die Analytische Psychologie wurde vom Schweizer Psychiater C.G. Jung entwickelt und z\u00e4hlt neben der Psychoanalyse und Individualpsychologie zu den psychoanalytischen Verfahren. Sie ist auf die Pers\u00f6nlichkeitsentwicklung und die Ganzwerdung des Menschen ausgerichtet.<\/li>\n<\/ul>\n<p>&#8220; font_size=&#8220;xs:14;lg:17&#8243; letter_spacing=&#8220;2px&#8220;][tm_heading tag=&#8220;h4&#8243; custom_google_font=&#8220;&#8220; google_fonts=&#8220;font_family:Poppins%3A300%2Cregular%2C500%2C600%2C700|font_style:300%20light%20regular%3A300%3Anormal&#8220; font_weight=&#8220;300&#8243; text_color=&#8220;secondary&#8220; text=&#8220;<\/p>\n<ul>\n<li>Das Therapieverfahren ist f\u00fcr jedes Alter geeignet, vom Kind bis zum hochbetagten Menschen.<\/li>\n<\/ul>\n<p>&#8220; font_size=&#8220;xs:14;lg:17&#8243; letter_spacing=&#8220;2px&#8220;][\/vc_column_inner][\/vc_row_inner][tm_spacer size=&#8220;lg:500&#8243;][\/vc_column][\/vc_row][vc_row][vc_column][vc_column_text]<\/p>\n<p>[\/vc_column_text][\/vc_column][\/vc_row]<\/p>\n","protected":false},"excerpt":{"rendered":"<p>[vc_row full_width=&#8220;stretch_row&#8220; background_color=&#8220;custom&#8220; lg_spacing=&#8220;padding_top:150;padding_bottom:70&#8243; custom_background_color=&#8220;#f7f7f7&#8243;][vc_column][tm_spacer size=&#8220;lg:10&#8243;][tm_heading tag=&#8220;h4&#8243; custom_google_font=&#8220;&#8220; google_fonts=&#8220;font_family:Poppins%3A300%2Cregular%2C500%2C600%2C700|font_style:300%20light%20regular%3A300%3Anormal&#8220; text_color=&#8220;primary&#8220; text=&#8220;BEWEGGR\u00dcNDE F\u00dcR PSYCHOTHERAPIE&#8220; max_width=&#8220;700px&#8220; font_size=&#8220;xs:20;lg:30&#8243;][tm_spacer size=&#8220;lg:70&#8243;][vc_row_inner][vc_column_inner width=&#8220;1\/2&#8243;][tm_heading tag=&#8220;h6&#8243; custom_google_font=&#8220;&#8220; google_fonts=&#8220;font_family:Poppins%3A300%2Cregular%2C500%2C600%2C700|font_style:300%20light%20regular%3A300%3Anormal&#8220; text_color=&#8220;secondary&#8220; text=&#8220;Sie f\u00fchlen sich&#8220; max_width=&#8220;470px&#8220; font_size=&#8220;xs:17;lg:20&#8243; letter_spacing=&#8220;2px&#8220;][tm_heading tag=&#8220;h4&#8243; custom_google_font=&#8220;&#8220; google_fonts=&#8220;font_family:Poppins%3A300%2Cregular%2C500%2C600%2C700|font_style:300%20light%20regular%3A300%3Anormal&#8220; font_weight=&#8220;300&#8243; text_color=&#8220;secondary&#8220; font_size=&#8220;xs:14;lg:17&#8243; letter_spacing=&#8220;2px&#8220; text=&#8220; \u00fcberlastet oder \u00fcberfordert innerlich unruhig, getrieben, ziellos freudlos, besorgt und gr\u00fcbeln viel einsam, diskriminiert lebensm\u00fcde entscheidungsunf\u00e4hig &#8222;][tm_spacer size=&#8220;lg:70&#8243;][tm_heading tag=&#8220;h6&#8243; custom_google_font=&#8220;&#8220; google_fonts=&#8220;font_family:Poppins%3A300%2Cregular%2C500%2C600%2C700|font_style:300%20light%20regular%3A300%3Anormal&#8220; text_color=&#8220;secondary&#8220; text=&#8220;Sie kennen und erleben \u00fcber einen l\u00e4ngeren Zeitraum&#8220; max_width=&#8220;470px&#8220; font_size=&#8220;xs:17;lg:20&#8243; letter_spacing=&#8220;2px&#8220;][tm_heading tag=&#8220;h4&#8243; custom_google_font=&#8220;&#8220; google_fonts=&#8220;font_family:Poppins%3A300%2Cregular%2C500%2C600%2C700|font_style:300%20light%20regular%3A300%3Anormal&#8220; font_weight=&#8220;300&#8243; text_color=&#8220;secondary&#8220; text=&#8220; konfliktreiche Beziehungen chronische Schmerzen, vielleicht sogar ohne Befund Einschlaf- und\/oder Durchschlafst\u00f6rungen einen unerf\u00fcllten Kinderwunsch Wut, die Sie nicht kontrollieren k\u00f6nnen Belastungen durch erkrankte Angeh\u00f6rige &#8220; font_size=&#8220;xs:14;lg:17&#8243; letter_spacing=&#8220;2px&#8220;][tm_spacer size=&#8220;lg:20&#8243;][\/vc_column_inner][vc_column_inner width=&#8220;1\/2&#8243;][tm_heading tag=&#8220;h6&#8243; custom_google_font=&#8220;&#8220; google_fonts=&#8220;font_family:Poppins%3A300%2Cregular%2C500%2C600%2C700|font_style:300%20light%20regular%3A300%3Anormal&#8220; text_color=&#8220;secondary&#8220; text=&#8220;Sie leiden an&#8220; max_width=&#8220;470px&#8220; font_size=&#8220;xs:17;lg:20&#8243; letter_spacing=&#8220;2px&#8220;][tm_heading tag=&#8220;h4&#8243; custom_google_font=&#8220;&#8220; google_fonts=&#8220;font_family:Poppins%3A300%2Cregular%2C500%2C600%2C700|font_style:300%20light%20regular%3A300%3Anormal&#8220; font_weight=&#8220;300&#8243; text_color=&#8220;secondary&#8220; text=&#8220; \u00c4ngsten, Panikattacken, Depressionen, Manien traumatischen Erfahrungen Pers\u00f6nlichkeitsst\u00f6rungen psychosomatischen Beschwerden k\u00f6rperlichen Erkrankungen wahnhaften, schizoiden St\u00f6rungen &#8220; font_size=&#8220;xs:14;lg:17&#8243; letter_spacing=&#8220;2px&#8220;][tm_spacer size=&#8220;lg:70&#8243;][tm_heading tag=&#8220;h6&#8243; custom_google_font=&#8220;&#8220; google_fonts=&#8220;font_family:Poppins%3A300%2Cregular%2C500%2C600%2C700|font_style:300%20light%20regular%3A300%3Anormal&#8220; text_color=&#8220;secondary&#8220; text=&#8220;Sie sind in einer Lebensphase&#8220; max_width=&#8220;470px&#8220; font_size=&#8220;xs:17;lg:20&#8243; letter_spacing=&#8220;2px&#8220;][tm_heading tag=&#8220;h4&#8243; custom_google_font=&#8220;&#8220; google_fonts=&#8220;font_family:Poppins%3A300%2Cregular%2C500%2C600%2C700|font_style:300%20light%20regular%3A300%3Anormal&#8220; font_weight=&#8220;300&#8243; text_color=&#8220;secondary&#8220; text=&#8220; in der Sie Verlust, Krankheit, Arbeitslosigkeit, etc. krisenhaft erleben in der Sie selbst berufliche oder private Ver\u00e4nderungen vornehmen wollen und Begleitung f\u00fcr diesen Weg ben\u00f6tigen in der Selbsterfahrung einen zentralen Platz in Ihrem Leben einnehmen darf &#8220; font_size=&#8220;xs:14;lg:17&#8243; letter_spacing=&#8220;2px&#8220;][\/vc_column_inner][\/vc_row_inner][\/vc_column][\/vc_row][vc_row][vc_column content_alignment=&#8220;center&#8220;][tm_spacer size=&#8220;lg:45&#8243;][tm_heading tag=&#8220;h4&#8243; custom_google_font=&#8220;&#8220; google_fonts=&#8220;font_family:Poppins%3A300%2Cregular%2C500%2C600%2C700|font_style:300%20light%20regular%3A300%3Anormal&#8220; text_color=&#8220;primary&#8220; text=&#8220;THERAPEUTISCHER PROZESS&#8220; max_width=&#8220;700px&#8220; font_size=&#8220;xs:20;lg:30&#8243;][tm_spacer size=&#8220;lg:28&#8243;][vc_row_inner][vc_column_inner width=&#8220;1\/2&#8243;][tm_heading tag=&#8220;h4&#8243; custom_google_font=&#8220;&#8220; google_fonts=&#8220;font_family:Poppins%3A300%2Cregular%2C500%2C600%2C700|font_style:300%20light%20regular%3A300%3Anormal&#8220; font_weight=&#8220;300&#8243; text_color=&#8220;secondary&#8220; text=&#8220; Im therapeutischen Prozess k\u00f6nnen Sie ad\u00e4quatere Einstellungs-, Beziehungs- und Verhaltensweisen entwickeln und erproben. Sie k\u00f6nnen lernen, Traumata und andere Belastungen besser zu bew\u00e4ltigen. &#8220; font_size=&#8220;xs:14;lg:17&#8243; letter_spacing=&#8220;2px&#8220;][tm_heading tag=&#8220;h4&#8243; custom_google_font=&#8220;&#8220; google_fonts=&#8220;font_family:Poppins%3A300%2Cregular%2C500%2C600%2C700|font_style:300%20light%20regular%3A300%3Anormal&#8220; font_weight=&#8220;300&#8243; text_color=&#8220;secondary&#8220; text=&#8220; Mein Angebot enth\u00e4lt Methoden, die uns Zugang zu Ihren unbewussten Anteilen erm\u00f6glichen. Dazu z\u00e4hlen die Traumanalyse, die Aktive Imagination, das Sandspiel und die Analyse von \u00dcbertragungsprozessen. &#8220; font_size=&#8220;xs:14;lg:17&#8243; letter_spacing=&#8220;2px&#8220;][\/vc_column_inner][vc_column_inner width=&#8220;1\/2&#8243;][tm_heading tag=&#8220;h4&#8243; custom_google_font=&#8220;&#8220; google_fonts=&#8220;font_family:Poppins%3A300%2Cregular%2C500%2C600%2C700|font_style:300%20light%20regular%3A300%3Anormal&#8220; font_weight=&#8220;300&#8243; text_color=&#8220;secondary&#8220; text=&#8220; Die Analytische Psychologie wurde vom Schweizer Psychiater C.G. Jung entwickelt und z\u00e4hlt neben der Psychoanalyse und Individualpsychologie zu den psychoanalytischen Verfahren. Sie ist auf die Pers\u00f6nlichkeitsentwicklung und die Ganzwerdung des Menschen ausgerichtet. &#8220; font_size=&#8220;xs:14;lg:17&#8243; letter_spacing=&#8220;2px&#8220;][tm_heading tag=&#8220;h4&#8243; custom_google_font=&#8220;&#8220; google_fonts=&#8220;font_family:Poppins%3A300%2Cregular%2C500%2C600%2C700|font_style:300%20light%20regular%3A300%3Anormal&#8220; font_weight=&#8220;300&#8243; text_color=&#8220;secondary&#8220; text=&#8220; Das Therapieverfahren ist f\u00fcr jedes Alter geeignet, vom Kind bis zum hochbetagten Menschen. &#8220; font_size=&#8220;xs:14;lg:17&#8243; letter_spacing=&#8220;2px&#8220;][\/vc_column_inner][\/vc_row_inner][tm_spacer size=&#8220;lg:500&#8243;][\/vc_column][\/vc_row][vc_row][vc_column][vc_column_text] [\/vc_column_text][\/vc_column][\/vc_row]<\/p>\n","protected":false},"author":1,"featured_media":0,"parent":0,"menu_order":0,"comment_status":"closed","ping_status":"closed","template":"","meta":[],"yoast_head":"<!-- This site is optimized with the Yoast SEO plugin v19.6 - https:\/\/yoast.com\/wordpress\/plugins\/seo\/ -->\n<title>Psychotherapie - Psychotherapie Renner - Psychotherapie Renner<\/title>\n<meta name=\"description\" content=\"Psychotherapie Renner - % - Psychotherapie - Psychotherapie Renner\" \/>\n<meta name=\"robots\" content=\"index, follow, max-snippet:-1, max-image-preview:large, max-video-preview:-1\" \/>\n<link rel=\"canonical\" href=\"https:\/\/www.psychotherapie-renner.at\/?page_id=527\" \/>\n<meta property=\"og:locale\" content=\"de_DE\" \/>\n<meta property=\"og:type\" content=\"article\" \/>\n<meta property=\"og:title\" content=\"Psychotherapie - Psychotherapie Renner - Psychotherapie Renner\" \/>\n<meta property=\"og:description\" content=\"Psychotherapie Renner - % - Psychotherapie - Psychotherapie Renner\" \/>\n<meta property=\"og:url\" content=\"https:\/\/www.psychotherapie-renner.at\/?page_id=527\" \/>\n<meta property=\"og:site_name\" content=\"Psychotherapie Renner\" \/>\n<meta property=\"article:modified_time\" content=\"2025-06-13T19:56:24+00:00\" \/>\n<meta name=\"twitter:card\" content=\"summary_large_image\" \/>\n<meta name=\"twitter:label1\" content=\"Gesch\u00e4tzte Lesezeit\" \/>\n\t<meta name=\"twitter:data1\" content=\"2 Minuten\" \/>\n<script type=\"application\/ld+json\" class=\"yoast-schema-graph\">{\"@context\":\"https:\/\/schema.org\",\"@graph\":[{\"@type\":\"WebPage\",\"@id\":\"https:\/\/www.psychotherapie-renner.at\/?page_id=527\",\"url\":\"https:\/\/www.psychotherapie-renner.at\/?page_id=527\",\"name\":\"Psychotherapie - Psychotherapie Renner - Psychotherapie Renner\",\"isPartOf\":{\"@id\":\"https:\/\/www.psychotherapie-renner.at\/#website\"},\"datePublished\":\"2018-10-17T06:24:17+00:00\",\"dateModified\":\"2025-06-13T19:56:24+00:00\",\"description\":\"Psychotherapie Renner - % - Psychotherapie - Psychotherapie Renner\",\"breadcrumb\":{\"@id\":\"https:\/\/www.psychotherapie-renner.at\/?page_id=527#breadcrumb\"},\"inLanguage\":\"de-AT\",\"potentialAction\":[{\"@type\":\"ReadAction\",\"target\":[\"https:\/\/www.psychotherapie-renner.at\/?page_id=527\"]}]},{\"@type\":\"BreadcrumbList\",\"@id\":\"https:\/\/www.psychotherapie-renner.at\/?page_id=527#breadcrumb\",\"itemListElement\":[{\"@type\":\"ListItem\",\"position\":1,\"name\":\"Startseite\",\"item\":\"https:\/\/www.psychotherapie-renner.at\/\"},{\"@type\":\"ListItem\",\"position\":2,\"name\":\"Psychotherapie\"}]},{\"@type\":\"WebSite\",\"@id\":\"https:\/\/www.psychotherapie-renner.at\/#website\",\"url\":\"https:\/\/www.psychotherapie-renner.at\/\",\"name\":\"Psychotherapie Renner\",\"description\":\"Eine weitere WordPress-Website\",\"potentialAction\":[{\"@type\":\"SearchAction\",\"target\":{\"@type\":\"EntryPoint\",\"urlTemplate\":\"https:\/\/www.psychotherapie-renner.at\/?s={search_term_string}\"},\"query-input\":\"required name=search_term_string\"}],\"inLanguage\":\"de-AT\"}]}<\/script>\n<!-- \/ Yoast SEO plugin. -->","yoast_head_json":{"title":"Psychotherapie - Psychotherapie Renner - Psychotherapie Renner","description":"Psychotherapie Renner - % - Psychotherapie - Psychotherapie Renner","robots":{"index":"index","follow":"follow","max-snippet":"max-snippet:-1","max-image-preview":"max-image-preview:large","max-video-preview":"max-video-preview:-1"},"canonical":"https:\/\/www.psychotherapie-renner.at\/?page_id=527","og_locale":"de_DE","og_type":"article","og_title":"Psychotherapie - Psychotherapie Renner - Psychotherapie Renner","og_description":"Psychotherapie Renner - % - Psychotherapie - Psychotherapie Renner","og_url":"https:\/\/www.psychotherapie-renner.at\/?page_id=527","og_site_name":"Psychotherapie Renner","article_modified_time":"2025-06-13T19:56:24+00:00","twitter_card":"summary_large_image","twitter_misc":{"Gesch\u00e4tzte Lesezeit":"2 Minuten"},"schema":{"@context":"https:\/\/schema.org","@graph":[{"@type":"WebPage","@id":"https:\/\/www.psychotherapie-renner.at\/?page_id=527","url":"https:\/\/www.psychotherapie-renner.at\/?page_id=527","name":"Psychotherapie - Psychotherapie Renner - Psychotherapie Renner","isPartOf":{"@id":"https:\/\/www.psychotherapie-renner.at\/#website"},"datePublished":"2018-10-17T06:24:17+00:00","dateModified":"2025-06-13T19:56:24+00:00","description":"Psychotherapie Renner - % - Psychotherapie - Psychotherapie Renner","breadcrumb":{"@id":"https:\/\/www.psychotherapie-renner.at\/?page_id=527#breadcrumb"},"inLanguage":"de-AT","potentialAction":[{"@type":"ReadAction","target":["https:\/\/www.psychotherapie-renner.at\/?page_id=527"]}]},{"@type":"BreadcrumbList","@id":"https:\/\/www.psychotherapie-renner.at\/?page_id=527#breadcrumb","itemListElement":[{"@type":"ListItem","position":1,"name":"Startseite","item":"https:\/\/www.psychotherapie-renner.at\/"},{"@type":"ListItem","position":2,"name":"Psychotherapie"}]},{"@type":"WebSite","@id":"https:\/\/www.psychotherapie-renner.at\/#website","url":"https:\/\/www.psychotherapie-renner.at\/","name":"Psychotherapie Renner","description":"Eine weitere WordPress-Website","potentialAction":[{"@type":"SearchAction","target":{"@type":"EntryPoint","urlTemplate":"https:\/\/www.psychotherapie-renner.at\/?s={search_term_string}"},"query-input":"required name=search_term_string"}],"inLanguage":"de-AT"}]}},"_links":{"self":[{"href":"https:\/\/www.psychotherapie-renner.at\/index.php?rest_route=\/wp\/v2\/pages\/527"}],"collection":[{"href":"https:\/\/www.psychotherapie-renner.at\/index.php?rest_route=\/wp\/v2\/pages"}],"about":[{"href":"https:\/\/www.psychotherapie-renner.at\/index.php?rest_route=\/wp\/v2\/types\/page"}],"author":[{"embeddable":true,"href":"https:\/\/www.psychotherapie-renner.at\/index.php?rest_route=\/wp\/v2\/users\/1"}],"replies":[{"embeddable":true,"href":"https:\/\/www.psychotherapie-renner.at\/index.php?rest_route=%2Fwp%2Fv2%2Fcomments&post=527"}],"version-history":[{"count":105,"href":"https:\/\/www.psychotherapie-renner.at\/index.php?rest_route=\/wp\/v2\/pages\/527\/revisions"}],"predecessor-version":[{"id":4037,"href":"https:\/\/www.psychotherapie-renner.at\/index.php?rest_route=\/wp\/v2\/pages\/527\/revisions\/4037"}],"wp:attachment":[{"href":"https:\/\/www.psychotherapie-renner.at\/index.php?rest_route=%2Fwp%2Fv2%2Fmedia&parent=527"}],"curies":[{"name":"wp","href":"https:\/\/api.w.org\/{rel}","templated":true}]}}